d(u). Give v(s).
9
Suppose -2*c + 0*c + 8 = 0, -2*b - c + 4 = 0. Suppose -2*o - 2 = b, 4*u - 7 = 5*o + 6. Let x(p) = -1 - 42*p**u - 5*p + 49*p**2 + 3*p. What is x(-1)?
8
Let a(r) = r**2 + 5*r - 54. Let d be a(-10). Let y(k) = -k + 2. What is y(d)?
6
Let i(y) = -7*y + 5. Let d(m) = -13*m + 10. Let b(n) = -3*d(n) + 5*i(n). Let j = -59 - -64. Let p be (1 - (-7)/j)*10/4. Determine b(p).
19
Let r(k) = -55*k - 30. Let g be r(3). Let m be (-78)/g - (-94)/20*-2. Let u(x) = x + 12. Determine u(m).
3
Suppose f = 5*h - 28, -2*f - 3 - 8 = -h. Let o(p) = -2*p**3 + 5*p**2 - 2*p - 2. Let x(i) = i**3 - 3*i**2 + i + 1. Let w(s) = 2*o(s) + 5*x(s). What is w(h)?
6
Suppose 2*k + 6 - 3 = 3*g, 0 = 5*k - 5*g + 15. Let p be 17*((-6)/(-2))/3. Let z(t) = -p + 8 + 3*t**2 - 8*t - 4*t**2. Calculate z(k).
3
Let j(c) = -2*c - 1. Let n(o) = 19*o + 7. Let q(m) = 3*j(m) + n(m). What is q(-1)?
-9
Let n(s) = -5 - 60*s**2 + 42*s**2 + 19*s**2 + 3*s. Determine n(-4).
-1
Let j(w) = -4*w - 2. Suppose -19 = -4*n - 3. Suppose 4*g - 4 = n*b, -9 = -4*b + g + 2. Calculate j(b).
-18
Let u(k) = -2*k**3 - k. Suppose -t - 140 = -3*t. Suppose -3*a + 3*g = -0*a + 48, -t = 4*a - g. Let y = a - -17. Determine u(y).
3
Let s(g) = g**3 + g**2 - g. Let b(i) = i - 5. Let w be b(7). Let m(r) = 0*r + 2*r**w - 1 + 2*r**3 - 2*r**2 - r**2 - 3*r. Let n(d) = -m(d) + 3*s(d). Give n(-4).
1
Suppose -d - 13 + 3 = -2*b, -5*b = -d - 22. Let z(p) = -p**2 - 9*p + 49. Determine z(b).
-3
Let u(x) = -x**2 + 3*x + 5. Let j be u(4). Let k(z) be the third derivative of 3*z**2 - 1/24*z**4 + 7/60*z**5 + 0*z**3 + 0*z + 0. Determine k(j).
6
Suppose 0*m + m - 14 = 3*f, -5*m - 2 = 3*f. Let q(r) = -28*r - 3*r**m + 1 + r**3 + 28*r. Let h be ((-18)/15)/(2/(-5)). Calculate q(h).
1
Let o(p) be the third derivative of p**4/8 + 131*p**2. Calculate o(-4).
-12
Let s(n) be the first derivative of -9*n**2/2 - 6*n - 136. Give s(-7).
57
Let l(z) = -2 - z + 0*z + 2*z. Let o be l(7). Suppose -5*a = -2*y - 3*y - 20, -41 = o*y + 2*a. Let v(t) = -t**3 - 6*t**2 + 6*t - 8. What is v(y)?
-1
Let k be 4/12 - (-48)/18. Let j(y) = -y**3 + y. Let i be j(1). Let b(g) = 0*g - k - g + i*g + 0*g. Determine b(-6).
3
Let t(f) = f**3 - 9*f**2 + 5*f + 4. Let o be -3 + 3 - 8 - -4. Let z(r) = -r**3 + 10*r**2 - 6*r - 4. Let h(j) = o*z(j) - 5*t(j). Determine h(3).
11
Let n(z) be the second derivative of -z**5/20 + z**4/2 + z**3/6 - z**2 + z + 28. What is n(6)?
4
Let q(y) = -36*y - 4 + 4 + 6*y. Let i be q(-1). Suppose 4*h = -h + i. Let u(c) = c**3 - 5*c**2 - 9*c + 9. Give u(h).
-9
Let b(o) be the first derivative of -o**4/4 + 7*o**3/3 - o**2/2 + 4*o + 674. What is b(7)?
-3
Let g(q) = -q. Suppose -9 = -5*z - n, -4*z + 5*n - 18 + 2 = 0. Calculate g(z).
-1
Let i(s) be the first derivative of s**4/4 + s**3/3 + s**2 + s - 20. Calculate i(-3).
-23
Let a(p) be the second derivative of -p**4/4 - 2*p**3/3 - p**2 + 98*p. Let b(g) = -g**3 + 5*g**2 + 6*g - 2. Let v be b(6). What is a(v)?
-6
Suppose -5*j - 108 = -2*t, -5*t + 185 = -2*j - 85. Let g = 59 - t. Let r(w) be the second derivative of w**3/3 - 5*w**2/2 + w. Give r(g).
5
Let c(d) be the second derivative of 1/10*d**5 + 0 - 1/6*d**3 - d**2 - 1/6*d**4 - 27*d. Calculate c(2).
4
Let m(x) = -x**3 - 9*x**2 - 10*x - 6. Let l be (-28)/70 + 4*19/(-10). Give m(l).
10
Let a(s) = 4 + 6*s**2 - s**3 - 5*s + s + 0*s**3. Let k be 10/((-40)/18) - 1/(-2). Let p be 1/k*1 + (-63)/(-12). Give a(p).
9
Suppose 5*x - 5*f - 30 = 0, 2 = 3*x - 3*f + 4*f. Let s(d) = d + 9 + 2*d - 14 + d**x. What is s(-6)?
13
Let g be (-4)/(-3)*54/24. Let k(i) = 2*i - g + 0 - i. Let q = -5 - -10. What is k(q)?
2
Let h(v) = -v + 5. Let t be h(0). Suppose -w - 4*w + 5*k = 0, -4*w = t*k + 9. Let z(j) = 4557*j - 2280*j - 2270*j. Calculate z(w).
-7
Let y(r) = -r**3 - 4*r**2 - 3*r + 1. Let v(w) = -13*w**2 + 7*w - 11 + 12*w**2 + 2*w. Let o be v(8). What is y(o)?
1
Let b(v) be the first derivative of -v**2/2 - 9*v + 99. What is b(3)?
-12
Let l = 52 - 40. Let b(j) = l + 10 + 2*j**2 - 3*j - 25 + j**3. Determine b(-2).
3
Let f(s) be the first derivative of 16*s**3/3 + s**2/2 - s - 75. Determine f(1).
16
Let m = -100 + 99. Let y(n) = 7*n**2 - n. Give y(m).
8
Let j be (0 - -1)*473/11. Let v = j + -28. Let x(t) = -10*t + 0*t**2 - t**2 + v*t + 5. What is x(6)?
-1
Let r(c) = -8*c**2 + 8*c + 8. Let x(f) = -7*f**2 + 9*f + 7. Let k(j) = 5*r(j) - 6*x(j). Let n be k(7). Let o(t) = -t**3 - t**2 + 2*t + 2. Calculate o(n).
2
Let y(s) = -s**3 + 4*s**2 + 2*s - 4. Let o(k) = k**2 - 10*k - 4. Let c be o(6). Let t = c - -12. Let b = t + 20. Determine y(b).
4
Suppose -3*l - 11 = 2*o - 3, 3*l + 2 = -5*o. Let r be (l + -2)*(-1)/3. Suppose -r*w = -4*w. Let g(m) = m**3 + m**2 - 4. Calculate g(w).
-4
Let o(c) be the second derivative of c**3/6 + 5*c**2 + c. Let j = 1338 - 1346. Give o(j).
2
Let j(x) = -x**3 + 4*x**2 + 2*x - 21. Let m be j(3). Let f(g) = g**3 + 7*g**2 + 5*g + 1. Give f(m).
7
Let f(j) = 417*j - 836*j - 6 + 412*j. Calculate f(-3).
15
Let p = -367 - -360. Let i(q) = -2*q**2 - 12*q + 11. Calculate i(p).
-3
Let h(l) = -2*l - 1. Let f be h(-7). Let y = f + -7. Let g(u) = 3*u**2 - 12*u + 5. Let a(x) = 4*x**2 - 14*x + 5. Let p(q) = 2*a(q) - 3*g(q). What is p(y)?
7
Let i(r) = r - 15. Suppose 37 = 3*n - q, 3*n = 6*n + 3*q - 57. Give i(n).
-1
Let g(o) be the second derivative of -o**4/6 - 3*o**3/2 - 5*o**2 - 185*o - 1. Calculate g(-4).
-6
Let o(j) be the second derivative of 0 + 1/20*j**5 + 0*j**3 + j + 1/12*j**4 + 0*j**2. Suppose -27 = 8*z - 19. Determine o(z).
0
Let k(x) = -x**3 - 2988 - 2974 + 5975 - 11*x**2 + 13*x. Calculate k(-12).
1
Let d(p) = -p - 6. Suppose g + 0*g - 4*x - 9 = 0, 0 = -5*g + 2*x + 9. Let m = 7 + -5. Suppose m*i = 2*u - g + 9, i - 2*u = 8. Determine d(i).
-6
Let u(w) = 2*w + 25. Let i be -44*(10/45 + (-3)/(-108)). What is u(i)?
3
Let i(x) = x**2 + 5*x - 3. Suppose 13*a - 66 = 10*a. Let k = 17 - a. Calculate i(k).
-3
Let h(c) = c - 6. Suppose -47*w = 21*w + 136. Calculate h(w).
-8
Let c(v) be the first derivative of 1/2*v**2 - 1/60*v**5 - 1/8*v**4 - 1/3*v**3 + 0*v - 1. Let a(r) be the second derivative of c(r). What is a(-2)?
0
Let k be 4 - ((-3 + 2)*-11 - 6). Let w(o) = 4 - 5*o + o - 5*o**2 - 3 + 5*o. Determine w(k).
-5
Let a(o) be the first derivative of 2*o**2 + 4*o + 2. Suppose 17 = n + 14. Suppose 0*t = -4*t - h - 18, -n*t + 4*h = 4. What is a(t)?
-12
Let f(i) be the second derivative of 13*i + 0 + 0*i**3 + 1/12*i**4 - i**2. What is f(-2)?
2
Let p(h) = -h**2 - h + 1. Let t(b) = 8*b**2 + 6*b - 7. Let o(v) = 6*p(v) + t(v). Let k be (0 + -3)*(-130)/(-15). Let u = k + 24. Give o(u).
7
Suppose -5*z + 10 = 0, 5*z - 6 = -2*h - 18. Let k(j) = j + 12. Give k(h).
1
Let z(g) be the third derivative of -g**4/12 - 4*g**3/3 + 50*g**2. Give z(-8).
8
Let k(n) = 3*n**3 - 7*n**2 - n - 6. Let u(o) = -4*o**3 + 8*o**2 + 2*o + 6. Let x be 0 - (3 - (-4)/(-4)). Let l(f) = x*u(f) - 3*k(f). Calculate l(5).
1
Let m(q) = -2*q**2 - q. Let b(w) = -w - 15. Let g be b(-19). Suppose -g*n - 13 + 45 = 0. Suppose r + 4 = -f, 0*r + r = 3*f + n. Give m(r).
-1
Let l(y) = 3 - 117*y + 54*y + 62*y. What is l(-5)?
8
Let f(m) = -m**3 - 11*m**2 + 10*m - 17. Let x(k) be the third derivative of -k**5/60 + k**4/6 - 41*k**2. Let s be x(6). What is f(s)?
7
Suppose -4*y = 4*l - 52, 3*y - 7*y + 46 = -2*l. Let o(k) = -8*k - 4 + 2 + k**2 - 3 + y. Determine o(7).
0
Suppose 141*b - 10 = 143*b. Let m(l) = 4*l**2 + 3*l - 8*l - 6*l**2 + 7. Determine m(b).
-18
Let f(j) = -2*j**3 + 31*j**2 - 8*j - 26. Let g(x) = x**3 - 15*x**2 + 4*x + 12. Let z(o) = 3*f(o) + 7*g(o). Calculate z(11).
-71
Suppose -4*q + 2*x = 74, 65 - 12 = -4*q - 5*x. Let n = -35 - q. Let a be 65/9 - (-4)/n. Let d(g) = g**3 - 7*g**2 - g. Calculate d(a).
-7
Let b = 30 - 20. Let k(o) = -b*o**2 - 4*o - 4 - 8*o**2 + 19*o**2. What is k(6)?
8
Let q(l) = -l**3 - 6*l**2 - 5*l + 5. Let t = 13 - 15. Let w(g) be the third derivative of -g**5/60 - g**3/6 - 2*g**2. Let h be w(t). Give q(h).
5
Let z(s) be the second derivative of s**5/20 + 2*s**4/3 + s**3/6 + 11*s**2/2 - 9*s - 16. Determine z(-8).
3
Let p(v) = 0*v + v - 16*v**2 + 0 + 17*v**2 + 0 + 1. Calculate p(-2).
3
Let y(f) = -4*f. Let u(a) = a. Let l be u(6). Suppose 0 = -5*z - d - l, -5*z - 4*d = 12 - 3. Let t be (-1 + z)*1/2. Give y(t).
4
Let r(w) = -17 - w + 1 + 11 + 4 + 6*w**2. Calculate r(-1).
6
Let b(i) be the f